419 a prime number?
True
Is 315422111 prime?
True
Is 72896351 composite?
True
Is 114171671 a prime number?
False
Is 399019 a composite number?
True
Is 40623137 a composite number?
False
Is 11830883 composite?
True
Is 231391421 a composite number?
False
Is 128158241 prime?
True
Is 4727687 a composite number?
False
Is 1109723 a composite number?
False
Is 117570259 a composite number?
True
Is 28342783 prime?
False
Is 2042239 prime?
False
Is 26479 composite?
False
Is 1169741 prime?
True
Is 1432667 prime?
True
Is 473611 composite?
False
Is 10682923 prime?
False
Is 1813274945 a prime number?
False
Is 1072454 a prime number?
False
Is 44901253 a prime number?
True
Is 8828951 a composite number?
False
Is 5990937 a composite number?
True
Is 123213023 composite?
True
Is 979758349 a composite number?
False
Is 771053 composite?
True
Is 598980919 composite?
True
Is 71345669 a composite number?
False
Is 242623 a composite number?
True
Is 1986757 composite?
False
Is 273165567 prime?
False
Is 77573779 a prime number?
False
Is 331763 composite?
True
Is 3748457 a composite number?
True
Is 2328097 composite?
True
Is 53342741 a composite number?
False
Is 98666861 prime?
False
Is 23356259 composite?
False
Is 102397 composite?
False
Is 4042721 prime?
True
Is 6720811 prime?
True
Is 15780983 composite?
False
Is 1849979 a prime number?
True
Is 1982869 prime?
False
Is 14077951 a composite number?
True
Is 104784007 composite?
False
Is 138398369 composite?
False
Is 16274981 composite?
True
Is 20615167 a composite number?
False
Is 12874567 a prime number?
False
Is 33686509 prime?
True
Is 50700737 prime?
True
Is 48578879 a composite number?
True
Is 17358235 prime?
False
Is 1166820509 a composite number?
False
Is 721053173 prime?
False
Is 712985485 a composite number?
True
Is 470106671 a prime number?
False
Is 4069139 prime?
True
Is 195476917 a composite number?
True
Is 102598709 a composite number?
False
Is 60432117 a composite number?
True
Is 96704111 prime?
False
Is 491535823 composite?
True
Is 417361523 prime?
True
Is 73671757 prime?
False
Is 121748017 a composite number?
False
Is 373447 a composite number?
False
Is 2904797 a prime number?
False
Is 157358815 composite?
True
Is 106607213 a composite number?
True
Is 545015459 a composite number?
False
Is 1513319 a prime number?
True
Is 12926491 composite?
True
Is 76545191 a composite number?
False
Is 4436183 a composite number?
False
Is 1795453 prime?
False
Is 7189591 a composite number?
False
Is 92685919 composite?
False
Is 1215271 a composite number?
False
Is 82459985 composite?
True
Is 81612527 a composite number?
True
Is 1345697 a composite number?
True
Is 28527397 a composite number?
False
Is 1110061 a prime number?
True
Is 1096541 a composite number?
False
Is 456809 composite?
False
Is 764312011 a prime number?
False
Is 77745869 prime?
False
Is 10972015 a composite number?
True
Is 190079 a composite number?
True
Is 2173 composite?
True
Is 2017 a prime number?
True
Is 142541387 composite?
False
Is 416760199 composite?
False
Is 7273439 prime?
False
Is 302684933 a composite number?
True
Is 368100206 composite?
True
Is 1594939 composite?
True
Is 237426773 prime?
True
Is 2845433 composite?
False
Is 1506819869 composite?
False
Is 30983549 a prime number?
True
Is 8619713 a prime number?
True
Is 379157 composite?
False
Is 3750458 a composite number?
True
Is 3974033 a prime number?
False
Is 6680306 a prime number?
False
Is 554004103 composite?
True
Is 9560843 a composite number?
False
Is 3669758 a composite number?
True
Is 222027523 a composite number?
True
Is 21874418 composite?
True
Is 293791 composite?
False
Is 198113401 a composite number?
False
Is 1904849 a composite number?
False
Is 136163 composite?
False
Is 2738597 prime?
False
Is 22030613 composite?
True
Is 122281837 prime?
True
Is 12833027 composite?
True
Is 166164077 a prime number?
False
Is 5080793 a prime number?
True
Is 3581993 prime?
False
Is 1165819 composite?
False
Is 8224781 a prime number?
True
Is 1840243 composite?
True
Is 1839283 a composite number?
False
Is 53232229 a composite number?
True
Is 1574773 prime?
True
Is 6339989 a composite number?
False
Is 79330127 a prime number?
False
Is 65102887 a prime number?
False
Is 10165391 a composite number?
False
Is 8997389 composite?
True
Is 68741773 prime?
True
Is 56747407 a composite number?
False
Is 7302901 composite?
False
Is 2866249 prime?
False
Is 11426159 prime?
False
Is 20006461 prime?
False
Is 7073261 composite?
True
Is 26958053 a composite number?
True
Is 7961887 a composite number?
True
Is 3789833 a composite number?
True
Is 32865649 prime?
False
Is 12919663 a prime number?
False
Is 271042063 a composite number?
True
Is 732181 composite?
False
Is 10222279 a composite number?
False
Is 47006413 a prime number?
True
Is 348864133 prime?
True
Is 7842541 a prime number?
False
Is 52024099 prime?
True
Is 9346889 a prime number?
False
Is 123655465 prime?
False
Is 2254403 composite?
False
Is 930867763 a composite number?
True
Is 127536509 prime?
False
Is 3747581 a composite number?
False
Is 929719 a prime number?
False
Is 419091 a prime number?
False
Is 7609603 composite?
True
Is 5886158 a prime number?
False
Is 8546834 a prime number?
False
Is 4753297 prime?
False
Is 7285351 a prime number?
False
Is 5502883 a composite number?
True
Is 2259757 prime?
False
Is 106315541 a prime number?
False
Is 28520243 a composite number?
False
Is 1901333 a prime number?
False
Is 15844867 prime?
False
Is 65449049 prime?
False
Is 4030277 a prime number?
True
Is 9281221 composite?
True
Is 63060637 a composite number?
False
Is 30592139 prime?
False
Is 254071 a composite number?
False
Is 5748133 prime?
False
Is 9803209 composite?
True
Is 22892249 a prime number?
True
Is 17653589 a prime number?
True
Is 88523161 a prime number?
False
Is 1698689 composite?
False
Is 7294409 composite?
False
Is 455254 a prime number?
False
Is 1954621 a prime number?
True
Is 41879107 composite?
False
Is 68334341 a prime number?
True
Is 1320331 composite?
False
Is 27656219 composite?
False
Is 40389191 composite?
False
Is 4849198 composite?
True
Is 58221557 prime?
True
Is 254256281 prime?
True
Is 42683365 prime?
False
Is 445425169 a prime number?
False
Is 92639923 a prime number?
True
Is 76996541 a prime number?
False
Is 354685 a composite number?
True
Is 188183407 a composite number?
True
Is 52733179 a prime number?
False
Is 5323343 a composite number?
False
Is 7793647 prime?
True
Is 460715681 a prime number?
False
Is 9368897 prime?
True
Is 99138517 a prime number?
True
Is 10194329 a prime number?
True
Is 1021901 prime?
False
Is 28051 prime?
True
Is 1934041 prime?
True
Is 125637103 a composite number?
False
Is 95898029 a prime number?
True
Is 69398099 prime?
True
Is 5667779 a composite number?
True
Is 210602477 a prime number?
False
Is 2121246547 prime?
False
Is 145690147 prime?
True
Is 25387319 a composite number?
False
Is 25992643 prime?
False
Is 971551 a composite number?
True
Is 282800783 prime?
True
Is 345235067 a composite number?
True
Is 1896133 composite?
False
Is 3842777 composite?
False
Is 1593851 composite?
True
Is 5239849 composite?
True
Is 56789581 a prime number?
False
Is 82719551 composite?
False
Is 64487 a composite number?
True
Is 20445179 a composite number?
False
Is 108982063 composite?
True
Is 16344817 composite?
False
Is 143877191 a prime number?
False
Is 4278994 prime?
False
Is 1227671 prime?
False
Is 2537063 a prime number?
False
Is 22053817 a composite number?
True
Is 3016909795 a composite number?
True
Is 31773311 a composite number?
True
Is 60451033 a composite number?
True
Is 461748209 a prime number?
False
Is 4787579 a prime number?
False
Is 36403339 a composite number?
True
Is 272740301 composite?
False
Is 18880717 a composite number?
False
Is 192527 a prime number?
False
Is 6526909 prime?
True
Is 1135553 a prime number?
False
Is 44699981 a prime number?
True
Is 1341287 composite?
True
Is 107971 a prime number?
True
Is 337298983 prime?
False
Is 8254319 composite?
False
Is 3241421 a composite number?
True
Is 2668481 composite?
True
Is 25762141 a prime number?
False
Is 1592923 composite?
False
Is 1344129505 a prime number?
False
Is 53624819 a composite number?
False
Is 1911653 composite?
False
Is 2214907 prime?
True
Is 6942